= -12*d. Calculate the remainder when d is divided by 19.
16
Let i = -581 - -914. Calculate the remainder when i is divided by 28.
25
Let a = -23 - -46. Let x = 29 - a. Calculate the remainder when 6 is divided by x.
0
Let f = -1140 - -1171. What is the remainder when 159 is divided by f?
4
Let d(y) be the second derivative of 7*y**3/6 + 21*y. Calculate the remainder when d(10) is divided by 26.
18
Let d(n) = -3*n - 5*n - 2*n - 3 + 2*n. Suppose -5*t + 4*w = 12 - 2, 3*t = -w - 6. What is the remainder when 50 is divided by d(t)?
11
Suppose -7*u + 309 = -202. What is the remainder when u is divided by 26?
21
Suppose -6*a - 5*a = -836. What is the remainder when a is divided by 9?
4
Suppose -9*h = -7*h - 14. Suppose -4*b = 2*b - 150. What is the remainder when b is divided by h?
4
Let y = -1645 + 1744. Calculate the remainder when y is divided by -1*10*(-2)/1.
19
Let u(g) = g**3 - 12*g**2 - g + 12. Let v be (18/(-4))/(21/(-56)). Let h be u(v). Suppose h = 29*k - 24*k - 215. What is the remainder when k is divided by 11?
10
Let y(d) = d**3 + 17*d**2 + 19*d + 88. Calculate the remainder when 115 is divided by y(-16).
35
Let y(o) = o - 9. Let b(a) = -1. Let g(w) = -6*b(w) - y(w). Let n be -1 + (-14)/(-16) + 365/40. What is the remainder when 11 is divided by g(n)?
5
Let s(j) = 2*j**2 + 3*j - 1. Suppose 2*x = -7 - 23. Let y = 8 - x. What is the remainder when s(6) is divided by y?
20
Let p(u) = u + 1. Let l be p(4). Suppose 30 = 5*q - 5*w - 35, w + 81 = l*q. What is the remainder when 82 is divided by q?
14
Suppose -2*s = -4*z + 7*z + 60, 2*z + 3*s + 45 = 0. Let f = z + 40. Suppose 72 = 2*u + 3*c, 3*u = 4*u + 4*c - 26. What is the remainder when u is divided by f?
20
Suppose 3*c - 272 = -5*c. Let v = -92 - -158. Calculate the remainder when v is divided by c.
32
Suppose 0 = n - 13 - 8. Suppose -k - 3*y = -n, -k - y = -5*k + 32. What is the remainder when 11 is divided by k?
2
Let y be (-1288)/(-38) + (-4)/(-38). Suppose -5*a = 2*m - 83, 4*a + m + y = 101. Calculate the remainder when 31 is divided by a.
14
What is the remainder when 190 is divided by (-2 + (-16)/(-4))*(-476)/(-56)?
3
Let j(v) = -5*v + 4. Let t(r) = -3*r + 52. Let l = 9 - -5. What is the remainder when j(-7) is divided by t(l)?
9
Let m = 35 - 32. Suppose 375 = -m*f + 1209. Calculate the remainder when f is divided by 40.
38
Suppose -200*v + 198*v + 144 = 0. What is the remainder when v is divided by 28?
16
Suppose -2058 = -18*i + 12*i. What is the remainder when i is divided by 87?
82
Let i = 40 - -29. Suppose -2*k = 6 - 10. Suppose 22 + 14 = k*b. Calculate the remainder when i is divided by b.
15
Let t(j) = 6*j - 11. Let i(q) = -3*q + 6. Let s(u) = -7*i(u) - 4*t(u). Let x(m) = -8*m - 19. Calculate the remainder when x(-10) is divided by s(-2).
5
Let l = 625 - 2. Calculate the remainder when l is divided by 25.
23
Suppose -8 = -8*p + 4*p. Suppose -6*h + p*h = -16. Calculate the remainder when (-20)/90 + (-112)/(-18) is divided by h.
2
Let o(j) = 5*j + 36. Let q be o(-7). What is the remainder when (-233)/(-6) - q/(-6) is divided by 9?
3
Suppose 2*q = -8*z + 3*z + 73, -4*z + 2*q + 62 = 0. Calculate the remainder when 42 is divided by z.
12
Let v = -781 - -836. Calculate the remainder when v is divided by 16.
7
Suppose -3*a + 0*a = -147. Suppose -9*c - 42 + 159 = 0. What is the remainder when a is divided by c?
10
Let r(l) = 2*l**3 + 10*l**2 - 2*l + 2. Let v(c) = -5*c**3 - 21*c**2 + 5*c - 4. Let p(i) = 7*r(i) + 3*v(i). What is the remainder when 33 is divided by p(7)?
6
Suppose -217 + 73 = -18*u. What is the remainder when 135 is divided by u?
7
Calculate the remainder when 208 is divided by (-28464)/(-816) + 1/(34/4).
33
Suppose 4*k = -4*y + 32, -y + 2*k + 0*k = -23. Let g = 61 + -77. Let h = g + 41. Calculate the remainder when h is divided by y.
12
Let b(g) = -20*g + 247. Calculate the remainder when b(9) is divided by 63.
4
Let b = -674 + 691. Let u(n) = 66*n**2 - n - 1. Calculate the remainder when u(-1) is divided by b.
15
Let r = 913 + -858. What is the remainder when r is divided by 12?
7
Let c be (2 + 0 - 0)/((-4)/2). What is the remainder when (0 - c) + -1 - (-13 + 8) is divided by 2?
1
Let u(y) = -y**3 - 7*y**2 - 11*y - 7. Calculate the remainder when 177 is divided by u(-7).
37
Suppose 0*z - u = -5*z + 260, -u = -5. Suppose -4*d = -19 - z. What is the remainder when 33 is divided by d?
15
Let j(f) = 11*f + 177. Calculate the remainder when j(-8) is divided by 31.
27
Let f be 2174/(-12) + (-2)/(-12). Let p = f - -183. Let j = 20 - 14. What is the remainder when j is divided by p?
0
Let t(z) = -z - 2. Let v be t(-2). Suppose v = -2*b + 67 - 57. What is the remainder when 21 is divided by b?
1
Suppose -3*c - 32 = -4*h, -6 = -h + 4*c + 2. Calculate the remainder when h is divided by 2.
0
Suppose -26*c + 32 = -30*c. Let f be (41/(-3))/((-3)/9). Calculate the remainder when 10 is divided by f/13 - c/(-52).
1
Let f(b) = 2*b**2 - 3*b - 2. Let o be f(4). Let t = -9 + o. What is the remainder when 32 is divided by t?
5
Let t = -215 - -217. Suppose -2*w - 3*u = -38, -4*w + 3*u + u + 56 = 0. Calculate the remainder when w is divided by t.
0
Let c = 47 + -30. Let a be (-157)/2*(-20)/10. Suppose s = -4*l + 2*s + 131, a = 5*l + s. Calculate the remainder when l is divided by c.
15
Let g(c) = -32*c - 773. Suppose z = x - 12, 3*x - 3*z = 2*x + 6. What is the remainder when g(-26) is divided by x?
14
Suppose 4*x - 2*n - 76 = 0, 4*x + 2*n = 9*x - 97. Let g = 8 - -3. Calculate the remainder when x is divided by g.
10
What is the remainder when 129 is divided by (-7 - 248/40)*-5?
63
Suppose 360 = 6*p - p. Suppose 0*l - l + 3*j = 0, 0 = 5*l + 3*j - p. What is the remainder when 35 is divided by l?
11
Let v = 1128 + -433. What is the remainder when v is divided by 50?
45
Let p(k) = 17*k**2 + 6*k - 12. What is the remainder when p(2) is divided by 27?
14
Let x be (-11)/4 + (-1)/4. Let p(f) = 43*f + 89. What is the remainder when p(-2) is divided by 1 + 0 + (-2 - x)?
1
Let d(z) = -145*z - 838. Calculate the remainder when (-6 - -2)*(-125)/4 is divided by d(-6).
29
Calculate the remainder when (-4)/(-10)*-5 - -230 is divided by 74.
6
What is the remainder when 4281/12 + (-2)/(-8) is divided by 10?
7
Let i(p) = -p**3 - 5*p**2 + p - 3. Let f be i(-5). Let k = -11 - f. Calculate the remainder when 11 is divided by -2 - (-15)/3 - k.
5
Suppose 4*f - 30 = -5*k, 6*k - k - f = 5. Suppose -3*s - 6 = -24. Let t = -5 + s. Calculate the remainder when k is divided by t.
0
Suppose -y + 34 = 4*j, -68 + 215 = 5*y - 3*j. What is the remainder when y is divided by 11?
8
Suppose -5*t = 3*z - 92 - 203, 5*t = 5*z + 255. What is the remainder when 132 is divided by t?
20
Let r(v) = 49 + 7 + 34 + 65*v. Let b(z) = -11*z - 15. Let t(d) = -35*b(d) - 6*r(d). What is the remainder when 57 is divided by t(-6)?
12
Suppose 6*l + 3298 = 23*l. Calculate the remainder when l is divided by 8.
2
Let n(p) = p**2 + p + 48. Let d be n(0). Suppose d = 3*q + 15. Suppose 5*y = -0*y - 4*x + 155, 4*y - 124 = -5*x. Calculate the remainder when y is divided by q.
9
Suppose -5*v + h = -50, -2*v + 5*h + 0 = 3. Let n be -1*(4*92/(-8) - 3). Let j = n - 8. Calculate the remainder when j is divided by v.
8
Let f be (2 - 1)*(14 - 3). Let d = 44 - f. Calculate the remainder when d is divided by 18.
15
Let p be 7/4 + (-5)/(-20). Suppose -4*x - 5*a + 94 = 25, -21 = -x - p*a. What is the remainder when (24/(-5))/((-222)/1480) is divided by x?
10
Let m(h) = -11*h - 67. Let s(v) = v. Let g(a) = m(a) - 3*s(a). What is the remainder when 24 is divided by g(-5)?
0
Suppose 2*v = 6, 7*f - 6*f = 5*v + 2. Let l = -6 + 10. Suppose -2*o + 3*h + 149 = -2*h, l*h + 234 = 3*o. What is the remainder when o is divided by f?
14
Let a = 505 + -366. What is the remainder when a is divided by 48?
43
Suppose 2 = -2*p + 4*p, 5*i + 5*p = 40. Let k be 2*(0 + 1) - -128. Suppose -4*r = r - k. Calculate the remainder when r is divided by i.
5
Suppose 2*h + 5*s - 75 = 0, 0*h + s - 93 = -3*h. Calculate the remainder when 186 is divided by h.
6
What is the remainder when 12 is divided by (-5 + 1)*(-5)/2?
2
Let f(m) = -8*m - 21. Calculate the remainder when ((-945)/20)/(9/(-24)) is divided by f(-8).
40
Let d be 210/(-63)*((-2)/4 + -1). Suppose -43 = -r - d. What is the remainder wh